{"id":13316,"date":"2024-12-15T10:19:12","date_gmt":"2024-12-15T09:19:12","guid":{"rendered":"https:\/\/parafiajadwigi.waw.pl\/?page_id=13316"},"modified":"2025-04-22T21:23:00","modified_gmt":"2025-04-22T19:23:00","slug":"grupa-uwielbienia","status":"publish","type":"page","link":"https:\/\/parafiajadwigi.waw.pl\/index.php\/grupa-uwielbienia\/","title":{"rendered":"GRUPA UWIELBIENIA"},"content":{"rendered":"\t\t<div data-elementor-type=\"wp-page\" data-elementor-id=\"13316\" class=\"elementor elementor-13316\">\n\t\t\t\t\t\t<section class=\"elementor-section elementor-top-section elementor-element elementor-element-511a484 elementor-section-boxed elementor-section-height-default elementor-section-height-default\" data-id=\"511a484\" data-element_type=\"section\" data-e-type=\"section\">\n\t\t\t\t\t\t<div class=\"elementor-container elementor-column-gap-default\">\n\t\t\t\t\t<div class=\"elementor-column elementor-col-100 elementor-top-column elementor-element elementor-element-ea36a84\" data-id=\"ea36a84\" data-element_type=\"column\" data-e-type=\"column\">\n\t\t\t<div class=\"elementor-widget-wrap elementor-element-populated\">\n\t\t\t\t\t\t<div class=\"elementor-element elementor-element-22443ec elementor-widget elementor-widget-image\" data-id=\"22443ec\" data-element_type=\"widget\" data-e-type=\"widget\" data-widget_type=\"image.default\">\n\t\t\t\t<div class=\"elementor-widget-container\">\n\t\t\t\t\t\t\t\t\t\t\t\t\t\t\t<img fetchpriority=\"high\" decoding=\"async\" width=\"920\" height=\"250\" src=\"https:\/\/parafiajadwigi.waw.pl\/wp-content\/uploads\/2025\/04\/GRUPA-UWIELBIENIA.png\" class=\"attachment-large size-large wp-image-14945\" alt=\"\" srcset=\"https:\/\/parafiajadwigi.waw.pl\/wp-content\/uploads\/2025\/04\/GRUPA-UWIELBIENIA.png 920w, https:\/\/parafiajadwigi.waw.pl\/wp-content\/uploads\/2025\/04\/GRUPA-UWIELBIENIA-300x82.png 300w, https:\/\/parafiajadwigi.waw.pl\/wp-content\/uploads\/2025\/04\/GRUPA-UWIELBIENIA-768x209.png 768w\" sizes=\"(max-width: 920px) 100vw, 920px\" \/>\t\t\t\t\t\t\t\t\t\t\t\t\t\t\t<\/div>\n\t\t\t\t<\/div>\n\t\t\t\t<div class=\"elementor-element elementor-element-718c3a7 elementor-widget elementor-widget-text-editor\" data-id=\"718c3a7\" data-element_type=\"widget\" data-e-type=\"widget\" data-widget_type=\"text-editor.default\">\n\t\t\t\t<div class=\"elementor-widget-container\">\n\t\t\t\t\t\t\t\t\t<p style=\"text-align: center;\">Wsp\u00f3lnota Grupy Uwielbienia<\/p>\t\t\t\t\t\t\t\t<\/div>\n\t\t\t\t<\/div>\n\t\t\t\t\t<\/div>\n\t\t<\/div>\n\t\t\t\t\t<\/div>\n\t\t<\/section>\n\t\t\t\t<section class=\"elementor-section elementor-top-section elementor-element elementor-element-aef9d69 elementor-section-boxed elementor-section-height-default elementor-section-height-default\" data-id=\"aef9d69\" data-element_type=\"section\" data-e-type=\"section\">\n\t\t\t\t\t\t<div class=\"elementor-container elementor-column-gap-default\">\n\t\t\t\t\t<div class=\"elementor-column elementor-col-100 elementor-top-column elementor-element elementor-element-2480b0e\" data-id=\"2480b0e\" data-element_type=\"column\" data-e-type=\"column\">\n\t\t\t<div class=\"elementor-widget-wrap elementor-element-populated\">\n\t\t\t\t\t\t<div class=\"elementor-element elementor-element-92a9d12 elementor-widget elementor-widget-text-editor\" data-id=\"92a9d12\" data-element_type=\"widget\" data-e-type=\"widget\" data-widget_type=\"text-editor.default\">\n\t\t\t\t<div class=\"elementor-widget-container\">\n\t\t\t\t\t\t\t\t\t<p>\u00a0GRUPA UWIELBIENIA w Parafii \u015bw. Jadwigi \u015al\u0105skiej<\/p>\t\t\t\t\t\t\t\t<\/div>\n\t\t\t\t<\/div>\n\t\t\t\t\t<\/div>\n\t\t<\/div>\n\t\t\t\t\t<\/div>\n\t\t<\/section>\n\t\t\t\t<section class=\"elementor-section elementor-top-section elementor-element elementor-element-404c721 elementor-section-boxed elementor-section-height-default elementor-section-height-default\" data-id=\"404c721\" data-element_type=\"section\" data-e-type=\"section\">\n\t\t\t\t\t\t<div class=\"elementor-container elementor-column-gap-default\">\n\t\t\t\t\t<div class=\"elementor-column elementor-col-100 elementor-top-column elementor-element elementor-element-84615eb\" data-id=\"84615eb\" data-element_type=\"column\" data-e-type=\"column\">\n\t\t\t<div class=\"elementor-widget-wrap elementor-element-populated\">\n\t\t\t\t\t\t<div class=\"elementor-element elementor-element-2d266ae elementor-widget elementor-widget-text-editor\" data-id=\"2d266ae\" data-element_type=\"widget\" data-e-type=\"widget\" data-widget_type=\"text-editor.default\">\n\t\t\t\t<div class=\"elementor-widget-container\">\n\t\t\t\t\t\t\t\t\t<p>Od sierpnia 2017 r. rozpocz\u0119li\u015bmy prowadzenie modlitwy uwielbienia po przedpo\u0142udniowej Mszy \u015bw. By\u0142y to kr\u00f3tkie, spontaniczne modlitwy na przemian ze \u015bpiewanymi kanonami, przy pomocy \u00f3wczesnej organistki. Nast\u0119pnie taki charakter uwielbienia zosta\u0142 wyd\u0142u\u017cony w czasie i przeniesiony na pierwsze soboty miesi\u0105ca a potem na trzecie poniedzia\u0142ki miesi\u0105ca. Natomiast obecnie odbywa si\u0119 w trzeci\u0105 niedziele miesi\u0105ca po Mszy \u015bw. wieczornej. Te modlitewne, kr\u00f3tkie spotkania z czasem przekszta\u0142ci\u0142y si\u0119 w Wieczory Uwielbienia.<\/p><p><span style=\"color: #ffffff;\">.<\/span><\/p><p>\u00a0\u00a0\u00a0\u00a0 Podczas ka\u017cdego Wieczoru Uwielbienia wystawiany jest Naj\u015bwi\u0119tszy Sakrament, czytane i rozwa\u017cane S\u0142owo Bo\u017ce, jest modlitwa spontaniczna i inne modlitwy, ze skarbca Ko\u015bcio\u0142a. Ka\u017cdemu Wieczorowi Uwielbienia nadajemy temat, kt\u00f3ry ukierunkowuje nasz\u0105 modlitw\u0119. Odwo\u0142ujemy si\u0119 do wspomnie\u0144 \u015bwi\u0119tych czy r\u00f3\u017cnych wydarze\u0144 roku liturgicznego i z \u017cycia Ko\u015bcio\u0142a.<\/p><p><span style=\"color: #ffffff;\">.<\/span><\/p><p>\u00a0\u00a0\u00a0\u00a0\u00a0 Sta\u0142ymi punktami ka\u017cdego Wieczoru Uwielbienia jest Koronka do Ducha \u015awi\u0119tego i Apel Jasnog\u00f3rski. Cennym momentem jest indywidualne b\u0142ogos\u0142awie\u0144stwo Naj\u015bwi\u0119tszym Sakramentem. Wszystko oprawione pie\u015bniami przy akompaniamencie gitary, b\u0119bna, keyboardu, a nawet skrzypiec.<\/p><p><span style=\"color: #ffffff;\">.<\/span><\/p><p>Na przestrzeni lat Grupa Uwielbienia rozwin\u0119\u0142a si\u0119. Obecnie skupia kilkana\u015bcie os\u00f3b, jest otwarta na nowych cz\u0142onk\u00f3w, pr\u0119\u017cnie dzia\u0142a. To taka &#8222;bo\u017ca rodzina&#8221;, w kt\u00f3rej wszyscy czujemy si\u0119 dobrze, polegamy na sobie, a przede wszystkim lub nade wszystko pragniemy uwielbia\u0107 naszego mi\u0142uj\u0105cego nas TR\u00d3JJEDYNEGO BOGA i pomaga\u0107 naszym siostrom i braciom w odnajdywaniu si\u0119 w obecno\u015bci naszego Pana podczas Wieczoru Uwielbienia i w naszej codzienno\u015bci.\u00a0<\/p><p><span style=\"color: #ffffff;\">.<\/span><\/p><p>Wszystko na chwa\u0142\u0119 Boga.<\/p><p><span style=\"color: #ffffff;\">.<\/span><\/p><p>Zapraszamy na Wieczory Uwielbienia w trzeci\u0105 niedziel\u0119 miesi\u0105ca.\u00a0<\/p>\t\t\t\t\t\t\t\t<\/div>\n\t\t\t\t<\/div>\n\t\t\t\t\t<\/div>\n\t\t<\/div>\n\t\t\t\t\t<\/div>\n\t\t<\/section>\n\t\t\t\t<\/div>\n\t\t","protected":false},"excerpt":{"rendered":"<p>Wsp\u00f3lnota Grupy Uwielbienia \u00a0GRUPA UWIELBIENIA w Parafii \u015bw. Jadwigi \u015al\u0105skiej Od sierpnia 2017 r. rozpocz\u0119li\u015bmy prowadzenie modlitwy uwielbienia po przedpo\u0142udniowej Mszy \u015bw. By\u0142y to kr\u00f3tkie, spontaniczne modlitwy na przemian ze \u015bpiewanymi kanonami, przy pomocy &hellip;<\/p>\n","protected":false},"author":1,"featured_media":0,"parent":0,"menu_order":0,"comment_status":"closed","ping_status":"closed","template":"","meta":{"footnotes":""},"class_list":["post-13316","page","type-page","status-publish","hentry"],"yoast_head":"<!-- This site is optimized with the Yoast SEO plugin v27.4 - https:\/\/yoast.com\/product\/yoast-seo-wordpress\/ -->\n<title>GRUPA UWIELBIENIA - \u015aw. Jadwiga \u015al\u0105ska<\/title>\n<meta name=\"robots\" content=\"index, follow, max-snippet:-1, max-image-preview:large, max-video-preview:-1\" \/>\n<link rel=\"canonical\" href=\"https:\/\/parafiajadwigi.waw.pl\/index.php\/grupa-uwielbienia\/\" \/>\n<meta property=\"og:locale\" content=\"pl_PL\" \/>\n<meta property=\"og:type\" content=\"article\" \/>\n<meta property=\"og:title\" content=\"GRUPA UWIELBIENIA - \u015aw. Jadwiga \u015al\u0105ska\" \/>\n<meta property=\"og:description\" content=\"Wsp\u00f3lnota Grupy Uwielbienia \u00a0GRUPA UWIELBIENIA w Parafii \u015bw. Jadwigi \u015al\u0105skiej Od sierpnia 2017 r. rozpocz\u0119li\u015bmy prowadzenie modlitwy uwielbienia po przedpo\u0142udniowej Mszy \u015bw. By\u0142y to kr\u00f3tkie, spontaniczne modlitwy na przemian ze \u015bpiewanymi kanonami, przy pomocy &hellip;\" \/>\n<meta property=\"og:url\" content=\"https:\/\/parafiajadwigi.waw.pl\/index.php\/grupa-uwielbienia\/\" \/>\n<meta property=\"og:site_name\" content=\"\u015aw. Jadwiga \u015al\u0105ska\" \/>\n<meta property=\"article:modified_time\" content=\"2025-04-22T19:23:00+00:00\" \/>\n<meta property=\"og:image\" content=\"https:\/\/parafiajadwigi.waw.pl\/wp-content\/uploads\/2025\/04\/GRUPA-UWIELBIENIA.png\" \/>\n\t<meta property=\"og:image:width\" content=\"920\" \/>\n\t<meta property=\"og:image:height\" content=\"250\" \/>\n\t<meta property=\"og:image:type\" content=\"image\/png\" \/>\n<meta name=\"twitter:card\" content=\"summary_large_image\" \/>\n<meta name=\"twitter:label1\" content=\"Szacowany czas czytania\" \/>\n\t<meta name=\"twitter:data1\" content=\"2 minuty\" \/>\n<script type=\"application\/ld+json\" class=\"yoast-schema-graph\">{\"@context\":\"https:\\\/\\\/schema.org\",\"@graph\":[{\"@type\":\"WebPage\",\"@id\":\"https:\\\/\\\/parafiajadwigi.waw.pl\\\/index.php\\\/grupa-uwielbienia\\\/\",\"url\":\"https:\\\/\\\/parafiajadwigi.waw.pl\\\/index.php\\\/grupa-uwielbienia\\\/\",\"name\":\"GRUPA UWIELBIENIA - \u015aw. Jadwiga \u015al\u0105ska\",\"isPartOf\":{\"@id\":\"https:\\\/\\\/parafiajadwigi.waw.pl\\\/#website\"},\"primaryImageOfPage\":{\"@id\":\"https:\\\/\\\/parafiajadwigi.waw.pl\\\/index.php\\\/grupa-uwielbienia\\\/#primaryimage\"},\"image\":{\"@id\":\"https:\\\/\\\/parafiajadwigi.waw.pl\\\/index.php\\\/grupa-uwielbienia\\\/#primaryimage\"},\"thumbnailUrl\":\"https:\\\/\\\/parafiajadwigi.waw.pl\\\/wp-content\\\/uploads\\\/2025\\\/04\\\/GRUPA-UWIELBIENIA.png\",\"datePublished\":\"2024-12-15T09:19:12+00:00\",\"dateModified\":\"2025-04-22T19:23:00+00:00\",\"breadcrumb\":{\"@id\":\"https:\\\/\\\/parafiajadwigi.waw.pl\\\/index.php\\\/grupa-uwielbienia\\\/#breadcrumb\"},\"inLanguage\":\"pl-PL\",\"potentialAction\":[{\"@type\":\"ReadAction\",\"target\":[\"https:\\\/\\\/parafiajadwigi.waw.pl\\\/index.php\\\/grupa-uwielbienia\\\/\"]}]},{\"@type\":\"ImageObject\",\"inLanguage\":\"pl-PL\",\"@id\":\"https:\\\/\\\/parafiajadwigi.waw.pl\\\/index.php\\\/grupa-uwielbienia\\\/#primaryimage\",\"url\":\"https:\\\/\\\/parafiajadwigi.waw.pl\\\/wp-content\\\/uploads\\\/2025\\\/04\\\/GRUPA-UWIELBIENIA.png\",\"contentUrl\":\"https:\\\/\\\/parafiajadwigi.waw.pl\\\/wp-content\\\/uploads\\\/2025\\\/04\\\/GRUPA-UWIELBIENIA.png\",\"width\":920,\"height\":250},{\"@type\":\"BreadcrumbList\",\"@id\":\"https:\\\/\\\/parafiajadwigi.waw.pl\\\/index.php\\\/grupa-uwielbienia\\\/#breadcrumb\",\"itemListElement\":[{\"@type\":\"ListItem\",\"position\":1,\"name\":\"Strona g\u0142\u00f3wna\",\"item\":\"https:\\\/\\\/parafiajadwigi.waw.pl\\\/\"},{\"@type\":\"ListItem\",\"position\":2,\"name\":\"GRUPA UWIELBIENIA\"}]},{\"@type\":\"WebSite\",\"@id\":\"https:\\\/\\\/parafiajadwigi.waw.pl\\\/#website\",\"url\":\"https:\\\/\\\/parafiajadwigi.waw.pl\\\/\",\"name\":\"\u015aw. Jadwiga \u015al\u0105ska\",\"description\":\"Witamy\",\"publisher\":{\"@id\":\"https:\\\/\\\/parafiajadwigi.waw.pl\\\/#organization\"},\"potentialAction\":[{\"@type\":\"SearchAction\",\"target\":{\"@type\":\"EntryPoint\",\"urlTemplate\":\"https:\\\/\\\/parafiajadwigi.waw.pl\\\/?s={search_term_string}\"},\"query-input\":{\"@type\":\"PropertyValueSpecification\",\"valueRequired\":true,\"valueName\":\"search_term_string\"}}],\"inLanguage\":\"pl-PL\"},{\"@type\":\"Organization\",\"@id\":\"https:\\\/\\\/parafiajadwigi.waw.pl\\\/#organization\",\"name\":\"Parafia \u015awi\u0119tej Jadwigi \u015alaskiej\",\"url\":\"https:\\\/\\\/parafiajadwigi.waw.pl\\\/\",\"logo\":{\"@type\":\"ImageObject\",\"inLanguage\":\"pl-PL\",\"@id\":\"https:\\\/\\\/parafiajadwigi.waw.pl\\\/#\\\/schema\\\/logo\\\/image\\\/\",\"url\":\"https:\\\/\\\/parafiajadwigi.waw.pl\\\/wp-content\\\/uploads\\\/2017\\\/06\\\/logooo_Jadwiga.png\",\"contentUrl\":\"https:\\\/\\\/parafiajadwigi.waw.pl\\\/wp-content\\\/uploads\\\/2017\\\/06\\\/logooo_Jadwiga.png\",\"width\":1640,\"height\":2808,\"caption\":\"Parafia \u015awi\u0119tej Jadwigi \u015alaskiej\"},\"image\":{\"@id\":\"https:\\\/\\\/parafiajadwigi.waw.pl\\\/#\\\/schema\\\/logo\\\/image\\\/\"}}]}<\/script>\n<!-- \/ Yoast SEO plugin. -->","yoast_head_json":{"title":"GRUPA UWIELBIENIA - \u015aw. Jadwiga \u015al\u0105ska","robots":{"index":"index","follow":"follow","max-snippet":"max-snippet:-1","max-image-preview":"max-image-preview:large","max-video-preview":"max-video-preview:-1"},"canonical":"https:\/\/parafiajadwigi.waw.pl\/index.php\/grupa-uwielbienia\/","og_locale":"pl_PL","og_type":"article","og_title":"GRUPA UWIELBIENIA - \u015aw. Jadwiga \u015al\u0105ska","og_description":"Wsp\u00f3lnota Grupy Uwielbienia \u00a0GRUPA UWIELBIENIA w Parafii \u015bw. Jadwigi \u015al\u0105skiej Od sierpnia 2017 r. rozpocz\u0119li\u015bmy prowadzenie modlitwy uwielbienia po przedpo\u0142udniowej Mszy \u015bw. By\u0142y to kr\u00f3tkie, spontaniczne modlitwy na przemian ze \u015bpiewanymi kanonami, przy pomocy &hellip;","og_url":"https:\/\/parafiajadwigi.waw.pl\/index.php\/grupa-uwielbienia\/","og_site_name":"\u015aw. Jadwiga \u015al\u0105ska","article_modified_time":"2025-04-22T19:23:00+00:00","og_image":[{"width":920,"height":250,"url":"https:\/\/parafiajadwigi.waw.pl\/wp-content\/uploads\/2025\/04\/GRUPA-UWIELBIENIA.png","type":"image\/png"}],"twitter_card":"summary_large_image","twitter_misc":{"Szacowany czas czytania":"2 minuty"},"schema":{"@context":"https:\/\/schema.org","@graph":[{"@type":"WebPage","@id":"https:\/\/parafiajadwigi.waw.pl\/index.php\/grupa-uwielbienia\/","url":"https:\/\/parafiajadwigi.waw.pl\/index.php\/grupa-uwielbienia\/","name":"GRUPA UWIELBIENIA - \u015aw. Jadwiga \u015al\u0105ska","isPartOf":{"@id":"https:\/\/parafiajadwigi.waw.pl\/#website"},"primaryImageOfPage":{"@id":"https:\/\/parafiajadwigi.waw.pl\/index.php\/grupa-uwielbienia\/#primaryimage"},"image":{"@id":"https:\/\/parafiajadwigi.waw.pl\/index.php\/grupa-uwielbienia\/#primaryimage"},"thumbnailUrl":"https:\/\/parafiajadwigi.waw.pl\/wp-content\/uploads\/2025\/04\/GRUPA-UWIELBIENIA.png","datePublished":"2024-12-15T09:19:12+00:00","dateModified":"2025-04-22T19:23:00+00:00","breadcrumb":{"@id":"https:\/\/parafiajadwigi.waw.pl\/index.php\/grupa-uwielbienia\/#breadcrumb"},"inLanguage":"pl-PL","potentialAction":[{"@type":"ReadAction","target":["https:\/\/parafiajadwigi.waw.pl\/index.php\/grupa-uwielbienia\/"]}]},{"@type":"ImageObject","inLanguage":"pl-PL","@id":"https:\/\/parafiajadwigi.waw.pl\/index.php\/grupa-uwielbienia\/#primaryimage","url":"https:\/\/parafiajadwigi.waw.pl\/wp-content\/uploads\/2025\/04\/GRUPA-UWIELBIENIA.png","contentUrl":"https:\/\/parafiajadwigi.waw.pl\/wp-content\/uploads\/2025\/04\/GRUPA-UWIELBIENIA.png","width":920,"height":250},{"@type":"BreadcrumbList","@id":"https:\/\/parafiajadwigi.waw.pl\/index.php\/grupa-uwielbienia\/#breadcrumb","itemListElement":[{"@type":"ListItem","position":1,"name":"Strona g\u0142\u00f3wna","item":"https:\/\/parafiajadwigi.waw.pl\/"},{"@type":"ListItem","position":2,"name":"GRUPA UWIELBIENIA"}]},{"@type":"WebSite","@id":"https:\/\/parafiajadwigi.waw.pl\/#website","url":"https:\/\/parafiajadwigi.waw.pl\/","name":"\u015aw. Jadwiga \u015al\u0105ska","description":"Witamy","publisher":{"@id":"https:\/\/parafiajadwigi.waw.pl\/#organization"},"potentialAction":[{"@type":"SearchAction","target":{"@type":"EntryPoint","urlTemplate":"https:\/\/parafiajadwigi.waw.pl\/?s={search_term_string}"},"query-input":{"@type":"PropertyValueSpecification","valueRequired":true,"valueName":"search_term_string"}}],"inLanguage":"pl-PL"},{"@type":"Organization","@id":"https:\/\/parafiajadwigi.waw.pl\/#organization","name":"Parafia \u015awi\u0119tej Jadwigi \u015alaskiej","url":"https:\/\/parafiajadwigi.waw.pl\/","logo":{"@type":"ImageObject","inLanguage":"pl-PL","@id":"https:\/\/parafiajadwigi.waw.pl\/#\/schema\/logo\/image\/","url":"https:\/\/parafiajadwigi.waw.pl\/wp-content\/uploads\/2017\/06\/logooo_Jadwiga.png","contentUrl":"https:\/\/parafiajadwigi.waw.pl\/wp-content\/uploads\/2017\/06\/logooo_Jadwiga.png","width":1640,"height":2808,"caption":"Parafia \u015awi\u0119tej Jadwigi \u015alaskiej"},"image":{"@id":"https:\/\/parafiajadwigi.waw.pl\/#\/schema\/logo\/image\/"}}]}},"_links":{"self":[{"href":"https:\/\/parafiajadwigi.waw.pl\/index.php\/wp-json\/wp\/v2\/pages\/13316","targetHints":{"allow":["GET"]}}],"collection":[{"href":"https:\/\/parafiajadwigi.waw.pl\/index.php\/wp-json\/wp\/v2\/pages"}],"about":[{"href":"https:\/\/parafiajadwigi.waw.pl\/index.php\/wp-json\/wp\/v2\/types\/page"}],"author":[{"embeddable":true,"href":"https:\/\/parafiajadwigi.waw.pl\/index.php\/wp-json\/wp\/v2\/users\/1"}],"replies":[{"embeddable":true,"href":"https:\/\/parafiajadwigi.waw.pl\/index.php\/wp-json\/wp\/v2\/comments?post=13316"}],"version-history":[{"count":13,"href":"https:\/\/parafiajadwigi.waw.pl\/index.php\/wp-json\/wp\/v2\/pages\/13316\/revisions"}],"predecessor-version":[{"id":14948,"href":"https:\/\/parafiajadwigi.waw.pl\/index.php\/wp-json\/wp\/v2\/pages\/13316\/revisions\/14948"}],"wp:attachment":[{"href":"https:\/\/parafiajadwigi.waw.pl\/index.php\/wp-json\/wp\/v2\/media?parent=13316"}],"curies":[{"name":"wp","href":"https:\/\/api.w.org\/{rel}","templated":true}]}}