{"id":4284,"date":"2019-06-30T21:01:16","date_gmt":"2019-06-30T19:01:16","guid":{"rendered":"https:\/\/parafiajadwigi.waw.pl\/wp-content\/uploads\/2019\/06\/DSC_8443.jpg"},"modified":"2019-06-30T23:14:21","modified_gmt":"2019-06-30T21:14:21","slug":"dsc_8443","status":"inherit","type":"attachment","link":"https:\/\/parafiajadwigi.waw.pl\/index.php\/fotograficzna\/dsc_8443\/","title":{"rendered":"DSC_8443"},"author":1,"featured_media":0,"comment_status":"closed","ping_status":"closed","template":"","meta":[],"class_list":["post-4284","attachment","type-attachment","status-inherit","hentry"],"yoast_head":"<!-- This site is optimized with the Yoast SEO plugin v27.5 - https:\/\/yoast.com\/product\/yoast-seo-wordpress\/ -->\n<title>DSC_8443 - \u015aw. Jadwiga \u015al\u0105ska<\/title>\n<meta name=\"robots\" content=\"index, follow, max-snippet:-1, max-image-preview:large, max-video-preview:-1\" \/>\n<link rel=\"canonical\" href=\"https:\/\/parafiajadwigi.waw.pl\/wp-content\/uploads\/2019\/06\/DSC_8443.jpg\" \/>\n<meta property=\"og:locale\" content=\"pl_PL\" \/>\n<meta property=\"og:type\" content=\"article\" \/>\n<meta property=\"og:title\" content=\"DSC_8443 - \u015aw. Jadwiga \u015al\u0105ska\" \/>\n<meta property=\"og:url\" content=\"https:\/\/parafiajadwigi.waw.pl\/wp-content\/uploads\/2019\/06\/DSC_8443.jpg\" \/>\n<meta property=\"og:site_name\" content=\"\u015aw. Jadwiga \u015al\u0105ska\" \/>\n<meta property=\"article:modified_time\" content=\"2019-06-30T21:14:21+00:00\" \/>\n<meta property=\"og:image\" content=\"https:\/\/parafiajadwigi.waw.pl\/wp-content\/uploads\/2019\/06\/DSC_8443.jpg\" \/>\n\t<meta property=\"og:image:width\" content=\"2144\" \/>\n\t<meta property=\"og:image:height\" content=\"1424\" \/>\n\t<meta property=\"og:image:type\" content=\"image\/jpeg\" \/>\n<meta name=\"twitter:card\" content=\"summary_large_image\" \/>\n<script type=\"application\/ld+json\" class=\"yoast-schema-graph\">{\"@context\":\"https:\\\/\\\/schema.org\",\"@graph\":[{\"@type\":\"WebPage\",\"@id\":\"https:\\\/\\\/parafiajadwigi.waw.pl\\\/wp-content\\\/uploads\\\/2019\\\/06\\\/DSC_8443.jpg\",\"url\":\"https:\\\/\\\/parafiajadwigi.waw.pl\\\/wp-content\\\/uploads\\\/2019\\\/06\\\/DSC_8443.jpg\",\"name\":\"DSC_8443 - \u015aw. Jadwiga \u015al\u0105ska\",\"isPartOf\":{\"@id\":\"https:\\\/\\\/parafiajadwigi.waw.pl\\\/#website\"},\"datePublished\":\"2019-06-30T19:01:16+00:00\",\"dateModified\":\"2019-06-30T21:14:21+00:00\",\"breadcrumb\":{\"@id\":\"https:\\\/\\\/parafiajadwigi.waw.pl\\\/wp-content\\\/uploads\\\/2019\\\/06\\\/DSC_8443.jpg#breadcrumb\"},\"inLanguage\":\"pl-PL\",\"potentialAction\":[{\"@type\":\"ReadAction\",\"target\":[\"https:\\\/\\\/parafiajadwigi.waw.pl\\\/wp-content\\\/uploads\\\/2019\\\/06\\\/DSC_8443.jpg\"]}]},{\"@type\":\"BreadcrumbList\",\"@id\":\"https:\\\/\\\/parafiajadwigi.waw.pl\\\/wp-content\\\/uploads\\\/2019\\\/06\\\/DSC_8443.jpg#breadcrumb\",\"itemListElement\":[{\"@type\":\"ListItem\",\"position\":1,\"name\":\"Strona g\u0142\u00f3wna\",\"item\":\"https:\\\/\\\/parafiajadwigi.waw.pl\\\/\"},{\"@type\":\"ListItem\",\"position\":2,\"name\":\"FOTOGRAFICZNA\",\"item\":\"https:\\\/\\\/parafiajadwigi.waw.pl\\\/index.php\\\/fotograficzna\\\/\"},{\"@type\":\"ListItem\",\"position\":3,\"name\":\"DSC_8443\"}]},{\"@type\":\"WebSite\",\"@id\":\"https:\\\/\\\/parafiajadwigi.waw.pl\\\/#website\",\"url\":\"https:\\\/\\\/parafiajadwigi.waw.pl\\\/\",\"name\":\"\u015aw. Jadwiga \u015al\u0105ska\",\"description\":\"Witamy\",\"publisher\":{\"@id\":\"https:\\\/\\\/parafiajadwigi.waw.pl\\\/#organization\"},\"potentialAction\":[{\"@type\":\"SearchAction\",\"target\":{\"@type\":\"EntryPoint\",\"urlTemplate\":\"https:\\\/\\\/parafiajadwigi.waw.pl\\\/?s={search_term_string}\"},\"query-input\":{\"@type\":\"PropertyValueSpecification\",\"valueRequired\":true,\"valueName\":\"search_term_string\"}}],\"inLanguage\":\"pl-PL\"},{\"@type\":\"Organization\",\"@id\":\"https:\\\/\\\/parafiajadwigi.waw.pl\\\/#organization\",\"name\":\"Parafia \u015awi\u0119tej Jadwigi \u015alaskiej\",\"url\":\"https:\\\/\\\/parafiajadwigi.waw.pl\\\/\",\"logo\":{\"@type\":\"ImageObject\",\"inLanguage\":\"pl-PL\",\"@id\":\"https:\\\/\\\/parafiajadwigi.waw.pl\\\/#\\\/schema\\\/logo\\\/image\\\/\",\"url\":\"https:\\\/\\\/parafiajadwigi.waw.pl\\\/wp-content\\\/uploads\\\/2017\\\/06\\\/logooo_Jadwiga.png\",\"contentUrl\":\"https:\\\/\\\/parafiajadwigi.waw.pl\\\/wp-content\\\/uploads\\\/2017\\\/06\\\/logooo_Jadwiga.png\",\"width\":1640,\"height\":2808,\"caption\":\"Parafia \u015awi\u0119tej Jadwigi \u015alaskiej\"},\"image\":{\"@id\":\"https:\\\/\\\/parafiajadwigi.waw.pl\\\/#\\\/schema\\\/logo\\\/image\\\/\"}}]}<\/script>\n<!-- \/ Yoast SEO plugin. -->","yoast_head_json":{"title":"DSC_8443 - \u015aw. Jadwiga \u015al\u0105ska","robots":{"index":"index","follow":"follow","max-snippet":"max-snippet:-1","max-image-preview":"max-image-preview:large","max-video-preview":"max-video-preview:-1"},"canonical":"https:\/\/parafiajadwigi.waw.pl\/wp-content\/uploads\/2019\/06\/DSC_8443.jpg","og_locale":"pl_PL","og_type":"article","og_title":"DSC_8443 - \u015aw. Jadwiga \u015al\u0105ska","og_url":"https:\/\/parafiajadwigi.waw.pl\/wp-content\/uploads\/2019\/06\/DSC_8443.jpg","og_site_name":"\u015aw. Jadwiga \u015al\u0105ska","article_modified_time":"2019-06-30T21:14:21+00:00","og_image":[{"width":2144,"height":1424,"url":"https:\/\/parafiajadwigi.waw.pl\/wp-content\/uploads\/2019\/06\/DSC_8443.jpg","type":"image\/jpeg"}],"twitter_card":"summary_large_image","schema":{"@context":"https:\/\/schema.org","@graph":[{"@type":"WebPage","@id":"https:\/\/parafiajadwigi.waw.pl\/wp-content\/uploads\/2019\/06\/DSC_8443.jpg","url":"https:\/\/parafiajadwigi.waw.pl\/wp-content\/uploads\/2019\/06\/DSC_8443.jpg","name":"DSC_8443 - \u015aw. Jadwiga \u015al\u0105ska","isPartOf":{"@id":"https:\/\/parafiajadwigi.waw.pl\/#website"},"datePublished":"2019-06-30T19:01:16+00:00","dateModified":"2019-06-30T21:14:21+00:00","breadcrumb":{"@id":"https:\/\/parafiajadwigi.waw.pl\/wp-content\/uploads\/2019\/06\/DSC_8443.jpg#breadcrumb"},"inLanguage":"pl-PL","potentialAction":[{"@type":"ReadAction","target":["https:\/\/parafiajadwigi.waw.pl\/wp-content\/uploads\/2019\/06\/DSC_8443.jpg"]}]},{"@type":"BreadcrumbList","@id":"https:\/\/parafiajadwigi.waw.pl\/wp-content\/uploads\/2019\/06\/DSC_8443.jpg#breadcrumb","itemListElement":[{"@type":"ListItem","position":1,"name":"Strona g\u0142\u00f3wna","item":"https:\/\/parafiajadwigi.waw.pl\/"},{"@type":"ListItem","position":2,"name":"FOTOGRAFICZNA","item":"https:\/\/parafiajadwigi.waw.pl\/index.php\/fotograficzna\/"},{"@type":"ListItem","position":3,"name":"DSC_8443"}]},{"@type":"WebSite","@id":"https:\/\/parafiajadwigi.waw.pl\/#website","url":"https:\/\/parafiajadwigi.waw.pl\/","name":"\u015aw. Jadwiga \u015al\u0105ska","description":"Witamy","publisher":{"@id":"https:\/\/parafiajadwigi.waw.pl\/#organization"},"potentialAction":[{"@type":"SearchAction","target":{"@type":"EntryPoint","urlTemplate":"https:\/\/parafiajadwigi.waw.pl\/?s={search_term_string}"},"query-input":{"@type":"PropertyValueSpecification","valueRequired":true,"valueName":"search_term_string"}}],"inLanguage":"pl-PL"},{"@type":"Organization","@id":"https:\/\/parafiajadwigi.waw.pl\/#organization","name":"Parafia \u015awi\u0119tej Jadwigi \u015alaskiej","url":"https:\/\/parafiajadwigi.waw.pl\/","logo":{"@type":"ImageObject","inLanguage":"pl-PL","@id":"https:\/\/parafiajadwigi.waw.pl\/#\/schema\/logo\/image\/","url":"https:\/\/parafiajadwigi.waw.pl\/wp-content\/uploads\/2017\/06\/logooo_Jadwiga.png","contentUrl":"https:\/\/parafiajadwigi.waw.pl\/wp-content\/uploads\/2017\/06\/logooo_Jadwiga.png","width":1640,"height":2808,"caption":"Parafia \u015awi\u0119tej Jadwigi \u015alaskiej"},"image":{"@id":"https:\/\/parafiajadwigi.waw.pl\/#\/schema\/logo\/image\/"}}]}},"description":{"rendered":"<p class=\"attachment\"><a href='https:\/\/parafiajadwigi.waw.pl\/wp-content\/uploads\/2019\/06\/DSC_8443.jpg'><img fetchpriority=\"high\" decoding=\"async\" width=\"300\" height=\"199\" src=\"https:\/\/parafiajadwigi.waw.pl\/wp-content\/uploads\/2019\/06\/DSC_8443-300x199.jpg\" class=\"attachment-medium size-medium\" alt=\"\" srcset=\"https:\/\/parafiajadwigi.waw.pl\/wp-content\/uploads\/2019\/06\/DSC_8443-300x199.jpg 300w, https:\/\/parafiajadwigi.waw.pl\/wp-content\/uploads\/2019\/06\/DSC_8443-768x510.jpg 768w, https:\/\/parafiajadwigi.waw.pl\/wp-content\/uploads\/2019\/06\/DSC_8443-1024x680.jpg 1024w, https:\/\/parafiajadwigi.waw.pl\/wp-content\/uploads\/2019\/06\/DSC_8443-452x300.jpg 452w\" sizes=\"(max-width: 300px) 100vw, 300px\" \/><\/a><\/p>\n"},"caption":{"rendered":""},"alt_text":"","media_type":"image","mime_type":"image\/jpeg","media_details":{"width":2144,"height":1424,"file":"2019\/06\/DSC_8443.jpg","sizes":{"thumbnail":{"file":"DSC_8443-150x150.jpg","width":150,"height":150,"mime_type":"image\/jpeg","source_url":"https:\/\/parafiajadwigi.waw.pl\/wp-content\/uploads\/2019\/06\/DSC_8443-150x150.jpg"},"medium":{"file":"DSC_8443-300x199.jpg","width":300,"height":199,"mime_type":"image\/jpeg","source_url":"https:\/\/parafiajadwigi.waw.pl\/wp-content\/uploads\/2019\/06\/DSC_8443-300x199.jpg"},"medium_large":{"file":"DSC_8443-768x510.jpg","width":768,"height":510,"mime_type":"image\/jpeg","source_url":"https:\/\/parafiajadwigi.waw.pl\/wp-content\/uploads\/2019\/06\/DSC_8443-768x510.jpg"},"large":{"file":"DSC_8443-1024x680.jpg","width":1024,"height":680,"mime_type":"image\/jpeg","source_url":"https:\/\/parafiajadwigi.waw.pl\/wp-content\/uploads\/2019\/06\/DSC_8443-1024x680.jpg"},"post-thumbnail":{"file":"DSC_8443-452x300.jpg","width":452,"height":300,"mime_type":"image\/jpeg","source_url":"https:\/\/parafiajadwigi.waw.pl\/wp-content\/uploads\/2019\/06\/DSC_8443-452x300.jpg"},"septera-featured":{"file":"DSC_8443-1520x300.jpg","width":1520,"height":300,"mime_type":"image\/jpeg","source_url":"https:\/\/parafiajadwigi.waw.pl\/wp-content\/uploads\/2019\/06\/DSC_8443-1520x300.jpg"},"septera-featured-lp":{"file":"DSC_8443-1520x300.jpg","width":1520,"height":300,"mime_type":"image\/jpeg","source_url":"https:\/\/parafiajadwigi.waw.pl\/wp-content\/uploads\/2019\/06\/DSC_8443-1520x300.jpg"},"septera-featured-half":{"file":"DSC_8443-800x300.jpg","width":800,"height":300,"mime_type":"image\/jpeg","source_url":"https:\/\/parafiajadwigi.waw.pl\/wp-content\/uploads\/2019\/06\/DSC_8443-800x300.jpg"},"septera-featured-third":{"file":"DSC_8443-512x300.jpg","width":512,"height":300,"mime_type":"image\/jpeg","source_url":"https:\/\/parafiajadwigi.waw.pl\/wp-content\/uploads\/2019\/06\/DSC_8443-512x300.jpg"},"septera-lpbox-1":{"file":"DSC_8443-760x300.jpg","width":760,"height":300,"mime_type":"image\/jpeg","source_url":"https:\/\/parafiajadwigi.waw.pl\/wp-content\/uploads\/2019\/06\/DSC_8443-760x300.jpg"},"septera-lpbox-2":{"file":"DSC_8443-480x400.jpg","width":480,"height":400,"mime_type":"image\/jpeg","source_url":"https:\/\/parafiajadwigi.waw.pl\/wp-content\/uploads\/2019\/06\/DSC_8443-480x400.jpg"},"full":{"file":"DSC_8443.jpg","width":2144,"height":1424,"mime_type":"image\/jpeg","source_url":"https:\/\/parafiajadwigi.waw.pl\/wp-content\/uploads\/2019\/06\/DSC_8443.jpg"}},"image_meta":{"aperture":"10","credit":"WIENIO","camera":"NIKON D300S","caption":"","created_timestamp":"1561026869","copyright":"IWIEN.PL","focal_length":"18","iso":"200","shutter_speed":"0.0025","title":"","orientation":"1","keywords":[]}},"post":258,"source_url":"https:\/\/parafiajadwigi.waw.pl\/wp-content\/uploads\/2019\/06\/DSC_8443.jpg","_links":{"self":[{"href":"https:\/\/parafiajadwigi.waw.pl\/index.php\/wp-json\/wp\/v2\/media\/4284","targetHints":{"allow":["GET"]}}],"collection":[{"href":"https:\/\/parafiajadwigi.waw.pl\/index.php\/wp-json\/wp\/v2\/media"}],"about":[{"href":"https:\/\/parafiajadwigi.waw.pl\/index.php\/wp-json\/wp\/v2\/types\/attachment"}],"author":[{"embeddable":true,"href":"https:\/\/parafiajadwigi.waw.pl\/index.php\/wp-json\/wp\/v2\/users\/1"}],"replies":[{"embeddable":true,"href":"https:\/\/parafiajadwigi.waw.pl\/index.php\/wp-json\/wp\/v2\/comments?post=4284"}],"wp:attached-to":[{"embeddable":true,"post_type":"page","id":258,"href":"https:\/\/parafiajadwigi.waw.pl\/index.php\/wp-json\/wp\/v2\/pages\/258"}],"curies":[{"name":"wp","href":"https:\/\/api.w.org\/{rel}","templated":true}]}}

<!-- This site is optimized with the Yoast SEO plugin v27.5 - https://yoast.com/product/yoast-seo-wordpress/ -->
<title>DSC_8443 - Św. Jadwiga Śląska</title>
<meta name="robots" content="index, follow, max-snippet:-1, max-image-preview:large, max-video-preview:-1" />
<link rel="canonical" href="https://parafiajadwigi.waw.pl/wp-content/uploads/2019/06/DSC_8443.jpg" />
<meta property="og:locale" content="pl_PL" />
<meta property="og:type" content="article" />
<meta property="og:title" content="DSC_8443 - Św. Jadwiga Śląska" />
<meta property="og:url" content="https://parafiajadwigi.waw.pl/wp-content/uploads/2019/06/DSC_8443.jpg" />
<meta property="og:site_name" content="Św. Jadwiga Śląska" />
<meta property="article:modified_time" content="2019-06-30T21:14:21+00:00" />
<meta property="og:image" content="https://parafiajadwigi.waw.pl/wp-content/uploads/2019/06/DSC_8443.jpg" />
	<meta property="og:image:width" content="2144" />
	<meta property="og:image:height" content="1424" />
	<meta property="og:image:type" content="image/jpeg" />
<meta name="twitter:card" content="summary_large_image" />
<script type="application/ld+json" class="yoast-schema-graph">{"@context":"https:\/\/schema.org","@graph":[{"@type":"WebPage","@id":"https:\/\/parafiajadwigi.waw.pl\/wp-content\/uploads\/2019\/06\/DSC_8443.jpg","url":"https:\/\/parafiajadwigi.waw.pl\/wp-content\/uploads\/2019\/06\/DSC_8443.jpg","name":"DSC_8443 - Św. Jadwiga Śląska","isPartOf":{"@id":"https:\/\/parafiajadwigi.waw.pl\/#website"},"datePublished":"2019-06-30T19:01:16+00:00","dateModified":"2019-06-30T21:14:21+00:00","breadcrumb":{"@id":"https:\/\/parafiajadwigi.waw.pl\/wp-content\/uploads\/2019\/06\/DSC_8443.jpg#breadcrumb"},"inLanguage":"pl-PL","potentialAction":[{"@type":"ReadAction","target":["https:\/\/parafiajadwigi.waw.pl\/wp-content\/uploads\/2019\/06\/DSC_8443.jpg"]}]},{"@type":"BreadcrumbList","@id":"https:\/\/parafiajadwigi.waw.pl\/wp-content\/uploads\/2019\/06\/DSC_8443.jpg#breadcrumb","itemListElement":[{"@type":"ListItem","position":1,"name":"Strona główna","item":"https:\/\/parafiajadwigi.waw.pl\/"},{"@type":"ListItem","position":2,"name":"FOTOGRAFICZNA","item":"https:\/\/parafiajadwigi.waw.pl\/index.php\/fotograficzna\/"},{"@type":"ListItem","position":3,"name":"DSC_8443"}]},{"@type":"WebSite","@id":"https:\/\/parafiajadwigi.waw.pl\/#website","url":"https:\/\/parafiajadwigi.waw.pl\/","name":"Św. Jadwiga Śląska","description":"Witamy","publisher":{"@id":"https:\/\/parafiajadwigi.waw.pl\/#organization"},"potentialAction":[{"@type":"SearchAction","target":{"@type":"EntryPoint","urlTemplate":"https:\/\/parafiajadwigi.waw.pl\/?s={search_term_string}"},"query-input":{"@type":"PropertyValueSpecification","valueRequired":true,"valueName":"search_term_string"}}],"inLanguage":"pl-PL"},{"@type":"Organization","@id":"https:\/\/parafiajadwigi.waw.pl\/#organization","name":"Parafia Świętej Jadwigi Ślaskiej","url":"https:\/\/parafiajadwigi.waw.pl\/","logo":{"@type":"ImageObject","inLanguage":"pl-PL","@id":"https:\/\/parafiajadwigi.waw.pl\/#\/schema\/logo\/image\/","url":"https:\/\/parafiajadwigi.waw.pl\/wp-content\/uploads\/2017\/06\/logooo_Jadwiga.png","contentUrl":"https:\/\/parafiajadwigi.waw.pl\/wp-content\/uploads\/2017\/06\/logooo_Jadwiga.png","width":1640,"height":2808,"caption":"Parafia Świętej Jadwigi Ślaskiej"},"image":{"@id":"https:\/\/parafiajadwigi.waw.pl\/#\/schema\/logo\/image\/"}}]}</script>
<!-- / Yoast SEO plugin. -->

DSC_8443 - Św. Jadwiga Śląska

Św. Jadwiga Śląska

Strona główna

Parafia Świętej Jadwigi Ślaskiej
