{"id":1715,"date":"2017-12-25T11:30:40","date_gmt":"2017-12-25T10:30:40","guid":{"rendered":"http:\/\/parafiajadwigi.waw.pl\/wp-content\/uploads\/2017\/12\/DSC_5344.jpg"},"modified":"2017-12-25T11:33:33","modified_gmt":"2017-12-25T10:33:33","slug":"dsc_5344","status":"inherit","type":"attachment","link":"https:\/\/parafiajadwigi.waw.pl\/index.php\/fotograficzna\/dsc_5344\/","title":{"rendered":"DSC_5344"},"author":1,"featured_media":0,"comment_status":"closed","ping_status":"closed","template":"","meta":[],"class_list":["post-1715","attachment","type-attachment","status-inherit","hentry"],"yoast_head":"<!-- This site is optimized with the Yoast SEO plugin v27.5 - https:\/\/yoast.com\/product\/yoast-seo-wordpress\/ -->\n<title>DSC_5344 - \u015aw. Jadwiga \u015al\u0105ska<\/title>\n<meta name=\"robots\" content=\"index, follow, max-snippet:-1, max-image-preview:large, max-video-preview:-1\" \/>\n<link rel=\"canonical\" href=\"https:\/\/parafiajadwigi.waw.pl\/wp-content\/uploads\/2017\/12\/DSC_5344-e1514198002523.jpg\" \/>\n<meta property=\"og:locale\" content=\"pl_PL\" \/>\n<meta property=\"og:type\" content=\"article\" \/>\n<meta property=\"og:title\" content=\"DSC_5344 - \u015aw. Jadwiga \u015al\u0105ska\" \/>\n<meta property=\"og:url\" content=\"https:\/\/parafiajadwigi.waw.pl\/wp-content\/uploads\/2017\/12\/DSC_5344-e1514198002523.jpg\" \/>\n<meta property=\"og:site_name\" content=\"\u015aw. Jadwiga \u015al\u0105ska\" \/>\n<meta property=\"article:modified_time\" content=\"2017-12-25T10:33:33+00:00\" \/>\n<meta property=\"og:image\" content=\"https:\/\/parafiajadwigi.waw.pl\/wp-content\/uploads\/2017\/12\/DSC_5344-e1514198002523.jpg\" \/>\n\t<meta property=\"og:image:width\" content=\"500\" \/>\n\t<meta property=\"og:image:height\" content=\"332\" \/>\n\t<meta property=\"og:image:type\" content=\"image\/jpeg\" \/>\n<meta name=\"twitter:card\" content=\"summary_large_image\" \/>\n<script type=\"application\/ld+json\" class=\"yoast-schema-graph\">{\"@context\":\"https:\\\/\\\/schema.org\",\"@graph\":[{\"@type\":\"WebPage\",\"@id\":\"https:\\\/\\\/parafiajadwigi.waw.pl\\\/wp-content\\\/uploads\\\/2017\\\/12\\\/DSC_5344-e1514198002523.jpg\",\"url\":\"https:\\\/\\\/parafiajadwigi.waw.pl\\\/wp-content\\\/uploads\\\/2017\\\/12\\\/DSC_5344-e1514198002523.jpg\",\"name\":\"DSC_5344 - \u015aw. Jadwiga \u015al\u0105ska\",\"isPartOf\":{\"@id\":\"https:\\\/\\\/parafiajadwigi.waw.pl\\\/#website\"},\"datePublished\":\"2017-12-25T10:30:40+00:00\",\"dateModified\":\"2017-12-25T10:33:33+00:00\",\"breadcrumb\":{\"@id\":\"https:\\\/\\\/parafiajadwigi.waw.pl\\\/wp-content\\\/uploads\\\/2017\\\/12\\\/DSC_5344-e1514198002523.jpg#breadcrumb\"},\"inLanguage\":\"pl-PL\",\"potentialAction\":[{\"@type\":\"ReadAction\",\"target\":[\"https:\\\/\\\/parafiajadwigi.waw.pl\\\/wp-content\\\/uploads\\\/2017\\\/12\\\/DSC_5344-e1514198002523.jpg\"]}]},{\"@type\":\"BreadcrumbList\",\"@id\":\"https:\\\/\\\/parafiajadwigi.waw.pl\\\/wp-content\\\/uploads\\\/2017\\\/12\\\/DSC_5344-e1514198002523.jpg#breadcrumb\",\"itemListElement\":[{\"@type\":\"ListItem\",\"position\":1,\"name\":\"Strona g\u0142\u00f3wna\",\"item\":\"https:\\\/\\\/parafiajadwigi.waw.pl\\\/\"},{\"@type\":\"ListItem\",\"position\":2,\"name\":\"FOTOGRAFICZNA\",\"item\":\"https:\\\/\\\/parafiajadwigi.waw.pl\\\/index.php\\\/fotograficzna\\\/\"},{\"@type\":\"ListItem\",\"position\":3,\"name\":\"DSC_5344\"}]},{\"@type\":\"WebSite\",\"@id\":\"https:\\\/\\\/parafiajadwigi.waw.pl\\\/#website\",\"url\":\"https:\\\/\\\/parafiajadwigi.waw.pl\\\/\",\"name\":\"\u015aw. Jadwiga \u015al\u0105ska\",\"description\":\"Witamy\",\"publisher\":{\"@id\":\"https:\\\/\\\/parafiajadwigi.waw.pl\\\/#organization\"},\"potentialAction\":[{\"@type\":\"SearchAction\",\"target\":{\"@type\":\"EntryPoint\",\"urlTemplate\":\"https:\\\/\\\/parafiajadwigi.waw.pl\\\/?s={search_term_string}\"},\"query-input\":{\"@type\":\"PropertyValueSpecification\",\"valueRequired\":true,\"valueName\":\"search_term_string\"}}],\"inLanguage\":\"pl-PL\"},{\"@type\":\"Organization\",\"@id\":\"https:\\\/\\\/parafiajadwigi.waw.pl\\\/#organization\",\"name\":\"Parafia \u015awi\u0119tej Jadwigi \u015alaskiej\",\"url\":\"https:\\\/\\\/parafiajadwigi.waw.pl\\\/\",\"logo\":{\"@type\":\"ImageObject\",\"inLanguage\":\"pl-PL\",\"@id\":\"https:\\\/\\\/parafiajadwigi.waw.pl\\\/#\\\/schema\\\/logo\\\/image\\\/\",\"url\":\"https:\\\/\\\/parafiajadwigi.waw.pl\\\/wp-content\\\/uploads\\\/2017\\\/06\\\/logooo_Jadwiga.png\",\"contentUrl\":\"https:\\\/\\\/parafiajadwigi.waw.pl\\\/wp-content\\\/uploads\\\/2017\\\/06\\\/logooo_Jadwiga.png\",\"width\":1640,\"height\":2808,\"caption\":\"Parafia \u015awi\u0119tej Jadwigi \u015alaskiej\"},\"image\":{\"@id\":\"https:\\\/\\\/parafiajadwigi.waw.pl\\\/#\\\/schema\\\/logo\\\/image\\\/\"}}]}<\/script>\n<!-- \/ Yoast SEO plugin. -->","yoast_head_json":{"title":"DSC_5344 - \u015aw. Jadwiga \u015al\u0105ska","robots":{"index":"index","follow":"follow","max-snippet":"max-snippet:-1","max-image-preview":"max-image-preview:large","max-video-preview":"max-video-preview:-1"},"canonical":"https:\/\/parafiajadwigi.waw.pl\/wp-content\/uploads\/2017\/12\/DSC_5344-e1514198002523.jpg","og_locale":"pl_PL","og_type":"article","og_title":"DSC_5344 - \u015aw. Jadwiga \u015al\u0105ska","og_url":"https:\/\/parafiajadwigi.waw.pl\/wp-content\/uploads\/2017\/12\/DSC_5344-e1514198002523.jpg","og_site_name":"\u015aw. Jadwiga \u015al\u0105ska","article_modified_time":"2017-12-25T10:33:33+00:00","og_image":[{"width":500,"height":332,"url":"https:\/\/parafiajadwigi.waw.pl\/wp-content\/uploads\/2017\/12\/DSC_5344-e1514198002523.jpg","type":"image\/jpeg"}],"twitter_card":"summary_large_image","schema":{"@context":"https:\/\/schema.org","@graph":[{"@type":"WebPage","@id":"https:\/\/parafiajadwigi.waw.pl\/wp-content\/uploads\/2017\/12\/DSC_5344-e1514198002523.jpg","url":"https:\/\/parafiajadwigi.waw.pl\/wp-content\/uploads\/2017\/12\/DSC_5344-e1514198002523.jpg","name":"DSC_5344 - \u015aw. Jadwiga \u015al\u0105ska","isPartOf":{"@id":"https:\/\/parafiajadwigi.waw.pl\/#website"},"datePublished":"2017-12-25T10:30:40+00:00","dateModified":"2017-12-25T10:33:33+00:00","breadcrumb":{"@id":"https:\/\/parafiajadwigi.waw.pl\/wp-content\/uploads\/2017\/12\/DSC_5344-e1514198002523.jpg#breadcrumb"},"inLanguage":"pl-PL","potentialAction":[{"@type":"ReadAction","target":["https:\/\/parafiajadwigi.waw.pl\/wp-content\/uploads\/2017\/12\/DSC_5344-e1514198002523.jpg"]}]},{"@type":"BreadcrumbList","@id":"https:\/\/parafiajadwigi.waw.pl\/wp-content\/uploads\/2017\/12\/DSC_5344-e1514198002523.jpg#breadcrumb","itemListElement":[{"@type":"ListItem","position":1,"name":"Strona g\u0142\u00f3wna","item":"https:\/\/parafiajadwigi.waw.pl\/"},{"@type":"ListItem","position":2,"name":"FOTOGRAFICZNA","item":"https:\/\/parafiajadwigi.waw.pl\/index.php\/fotograficzna\/"},{"@type":"ListItem","position":3,"name":"DSC_5344"}]},{"@type":"WebSite","@id":"https:\/\/parafiajadwigi.waw.pl\/#website","url":"https:\/\/parafiajadwigi.waw.pl\/","name":"\u015aw. Jadwiga \u015al\u0105ska","description":"Witamy","publisher":{"@id":"https:\/\/parafiajadwigi.waw.pl\/#organization"},"potentialAction":[{"@type":"SearchAction","target":{"@type":"EntryPoint","urlTemplate":"https:\/\/parafiajadwigi.waw.pl\/?s={search_term_string}"},"query-input":{"@type":"PropertyValueSpecification","valueRequired":true,"valueName":"search_term_string"}}],"inLanguage":"pl-PL"},{"@type":"Organization","@id":"https:\/\/parafiajadwigi.waw.pl\/#organization","name":"Parafia \u015awi\u0119tej Jadwigi \u015alaskiej","url":"https:\/\/parafiajadwigi.waw.pl\/","logo":{"@type":"ImageObject","inLanguage":"pl-PL","@id":"https:\/\/parafiajadwigi.waw.pl\/#\/schema\/logo\/image\/","url":"https:\/\/parafiajadwigi.waw.pl\/wp-content\/uploads\/2017\/06\/logooo_Jadwiga.png","contentUrl":"https:\/\/parafiajadwigi.waw.pl\/wp-content\/uploads\/2017\/06\/logooo_Jadwiga.png","width":1640,"height":2808,"caption":"Parafia \u015awi\u0119tej Jadwigi \u015alaskiej"},"image":{"@id":"https:\/\/parafiajadwigi.waw.pl\/#\/schema\/logo\/image\/"}}]}},"description":{"rendered":"<p class=\"attachment\"><a href='https:\/\/parafiajadwigi.waw.pl\/wp-content\/uploads\/2017\/12\/DSC_5344-e1514198002523.jpg'><img fetchpriority=\"high\" decoding=\"async\" width=\"300\" height=\"199\" src=\"https:\/\/parafiajadwigi.waw.pl\/wp-content\/uploads\/2017\/12\/DSC_5344-300x199.jpg\" class=\"attachment-medium size-medium\" alt=\"\" srcset=\"https:\/\/parafiajadwigi.waw.pl\/wp-content\/uploads\/2017\/12\/DSC_5344-300x199.jpg 300w, https:\/\/parafiajadwigi.waw.pl\/wp-content\/uploads\/2017\/12\/DSC_5344-768x510.jpg 768w, https:\/\/parafiajadwigi.waw.pl\/wp-content\/uploads\/2017\/12\/DSC_5344-1024x680.jpg 1024w, https:\/\/parafiajadwigi.waw.pl\/wp-content\/uploads\/2017\/12\/DSC_5344-624x414.jpg 624w, https:\/\/parafiajadwigi.waw.pl\/wp-content\/uploads\/2017\/12\/DSC_5344-e1514198002523.jpg 500w\" sizes=\"(max-width: 300px) 100vw, 300px\" \/><\/a><\/p>\n"},"caption":{"rendered":""},"alt_text":"","media_type":"image","mime_type":"image\/jpeg","media_details":{"width":500,"height":332,"file":"2017\/12\/DSC_5344-e1514198002523.jpg","sizes":{"thumbnail":{"file":"DSC_5344-150x150.jpg","width":150,"height":150,"mime_type":"image\/jpeg","source_url":"https:\/\/parafiajadwigi.waw.pl\/wp-content\/uploads\/2017\/12\/DSC_5344-150x150.jpg"},"medium":{"file":"DSC_5344-300x199.jpg","width":300,"height":199,"mime_type":"image\/jpeg","source_url":"https:\/\/parafiajadwigi.waw.pl\/wp-content\/uploads\/2017\/12\/DSC_5344-300x199.jpg"},"medium_large":{"file":"DSC_5344-768x510.jpg","width":768,"height":510,"mime_type":"image\/jpeg","source_url":"https:\/\/parafiajadwigi.waw.pl\/wp-content\/uploads\/2017\/12\/DSC_5344-768x510.jpg"},"large":{"file":"DSC_5344-1024x680.jpg","width":1024,"height":680,"mime_type":"image\/jpeg","source_url":"https:\/\/parafiajadwigi.waw.pl\/wp-content\/uploads\/2017\/12\/DSC_5344-1024x680.jpg"},"post-thumbnail":{"file":"DSC_5344-624x414.jpg","width":624,"height":414,"mime_type":"image\/jpeg","source_url":"https:\/\/parafiajadwigi.waw.pl\/wp-content\/uploads\/2017\/12\/DSC_5344-624x414.jpg"},"ribosome-excerpt-thumbnail":{"file":"DSC_5344-240x180.jpg","width":240,"height":180,"mime_type":"image\/jpeg","source_url":"https:\/\/parafiajadwigi.waw.pl\/wp-content\/uploads\/2017\/12\/DSC_5344-240x180.jpg"},"ribosome-excerpt-thumbnail-rounded":{"file":"DSC_5344-180x180.jpg","width":180,"height":180,"mime_type":"image\/jpeg","source_url":"https:\/\/parafiajadwigi.waw.pl\/wp-content\/uploads\/2017\/12\/DSC_5344-180x180.jpg"},"ribosome-recent-posts-thumbnail":{"file":"DSC_5344-60x60.jpg","width":60,"height":60,"mime_type":"image\/jpeg","source_url":"https:\/\/parafiajadwigi.waw.pl\/wp-content\/uploads\/2017\/12\/DSC_5344-60x60.jpg"},"ribosome-related-post-thumbnail":{"file":"DSC_5344-150x150.jpg","width":150,"height":150,"mime_type":"image\/jpeg","source_url":"https:\/\/parafiajadwigi.waw.pl\/wp-content\/uploads\/2017\/12\/DSC_5344-150x150.jpg"},"ribosome-slider-recent-posts":{"file":"DSC_5344-780x390.jpg","width":780,"height":390,"mime_type":"image\/jpeg","source_url":"https:\/\/parafiajadwigi.waw.pl\/wp-content\/uploads\/2017\/12\/DSC_5344-780x390.jpg"},"full":{"file":"DSC_5344-e1514198002523.jpg","width":500,"height":332,"mime_type":"image\/jpeg","source_url":"https:\/\/parafiajadwigi.waw.pl\/wp-content\/uploads\/2017\/12\/DSC_5344-e1514198002523.jpg"}},"image_meta":{"aperture":"7.1","credit":"WIENIO","camera":"NIKON D300S","caption":"","created_timestamp":"1514162375","copyright":"IWIEN.PL","focal_length":"25","iso":"800","shutter_speed":"0.016666666666667","title":"","orientation":"1","keywords":[]}},"post":258,"source_url":"https:\/\/parafiajadwigi.waw.pl\/wp-content\/uploads\/2017\/12\/DSC_5344-e1514198002523.jpg","_links":{"self":[{"href":"https:\/\/parafiajadwigi.waw.pl\/index.php\/wp-json\/wp\/v2\/media\/1715","targetHints":{"allow":["GET"]}}],"collection":[{"href":"https:\/\/parafiajadwigi.waw.pl\/index.php\/wp-json\/wp\/v2\/media"}],"about":[{"href":"https:\/\/parafiajadwigi.waw.pl\/index.php\/wp-json\/wp\/v2\/types\/attachment"}],"author":[{"embeddable":true,"href":"https:\/\/parafiajadwigi.waw.pl\/index.php\/wp-json\/wp\/v2\/users\/1"}],"replies":[{"embeddable":true,"href":"https:\/\/parafiajadwigi.waw.pl\/index.php\/wp-json\/wp\/v2\/comments?post=1715"}],"wp:attached-to":[{"embeddable":true,"post_type":"page","id":258,"href":"https:\/\/parafiajadwigi.waw.pl\/index.php\/wp-json\/wp\/v2\/pages\/258"}],"curies":[{"name":"wp","href":"https:\/\/api.w.org\/{rel}","templated":true}]}}

<!-- This site is optimized with the Yoast SEO plugin v27.5 - https://yoast.com/product/yoast-seo-wordpress/ -->
<title>DSC_5344 - Św. Jadwiga Śląska</title>
<meta name="robots" content="index, follow, max-snippet:-1, max-image-preview:large, max-video-preview:-1" />
<link rel="canonical" href="https://parafiajadwigi.waw.pl/wp-content/uploads/2017/12/DSC_5344-e1514198002523.jpg" />
<meta property="og:locale" content="pl_PL" />
<meta property="og:type" content="article" />
<meta property="og:title" content="DSC_5344 - Św. Jadwiga Śląska" />
<meta property="og:url" content="https://parafiajadwigi.waw.pl/wp-content/uploads/2017/12/DSC_5344-e1514198002523.jpg" />
<meta property="og:site_name" content="Św. Jadwiga Śląska" />
<meta property="article:modified_time" content="2017-12-25T10:33:33+00:00" />
<meta property="og:image" content="https://parafiajadwigi.waw.pl/wp-content/uploads/2017/12/DSC_5344-e1514198002523.jpg" />
	<meta property="og:image:width" content="500" />
	<meta property="og:image:height" content="332" />
	<meta property="og:image:type" content="image/jpeg" />
<meta name="twitter:card" content="summary_large_image" />
<script type="application/ld+json" class="yoast-schema-graph">{"@context":"https:\/\/schema.org","@graph":[{"@type":"WebPage","@id":"https:\/\/parafiajadwigi.waw.pl\/wp-content\/uploads\/2017\/12\/DSC_5344-e1514198002523.jpg","url":"https:\/\/parafiajadwigi.waw.pl\/wp-content\/uploads\/2017\/12\/DSC_5344-e1514198002523.jpg","name":"DSC_5344 - Św. Jadwiga Śląska","isPartOf":{"@id":"https:\/\/parafiajadwigi.waw.pl\/#website"},"datePublished":"2017-12-25T10:30:40+00:00","dateModified":"2017-12-25T10:33:33+00:00","breadcrumb":{"@id":"https:\/\/parafiajadwigi.waw.pl\/wp-content\/uploads\/2017\/12\/DSC_5344-e1514198002523.jpg#breadcrumb"},"inLanguage":"pl-PL","potentialAction":[{"@type":"ReadAction","target":["https:\/\/parafiajadwigi.waw.pl\/wp-content\/uploads\/2017\/12\/DSC_5344-e1514198002523.jpg"]}]},{"@type":"BreadcrumbList","@id":"https:\/\/parafiajadwigi.waw.pl\/wp-content\/uploads\/2017\/12\/DSC_5344-e1514198002523.jpg#breadcrumb","itemListElement":[{"@type":"ListItem","position":1,"name":"Strona główna","item":"https:\/\/parafiajadwigi.waw.pl\/"},{"@type":"ListItem","position":2,"name":"FOTOGRAFICZNA","item":"https:\/\/parafiajadwigi.waw.pl\/index.php\/fotograficzna\/"},{"@type":"ListItem","position":3,"name":"DSC_5344"}]},{"@type":"WebSite","@id":"https:\/\/parafiajadwigi.waw.pl\/#website","url":"https:\/\/parafiajadwigi.waw.pl\/","name":"Św. Jadwiga Śląska","description":"Witamy","publisher":{"@id":"https:\/\/parafiajadwigi.waw.pl\/#organization"},"potentialAction":[{"@type":"SearchAction","target":{"@type":"EntryPoint","urlTemplate":"https:\/\/parafiajadwigi.waw.pl\/?s={search_term_string}"},"query-input":{"@type":"PropertyValueSpecification","valueRequired":true,"valueName":"search_term_string"}}],"inLanguage":"pl-PL"},{"@type":"Organization","@id":"https:\/\/parafiajadwigi.waw.pl\/#organization","name":"Parafia Świętej Jadwigi Ślaskiej","url":"https:\/\/parafiajadwigi.waw.pl\/","logo":{"@type":"ImageObject","inLanguage":"pl-PL","@id":"https:\/\/parafiajadwigi.waw.pl\/#\/schema\/logo\/image\/","url":"https:\/\/parafiajadwigi.waw.pl\/wp-content\/uploads\/2017\/06\/logooo_Jadwiga.png","contentUrl":"https:\/\/parafiajadwigi.waw.pl\/wp-content\/uploads\/2017\/06\/logooo_Jadwiga.png","width":1640,"height":2808,"caption":"Parafia Świętej Jadwigi Ślaskiej"},"image":{"@id":"https:\/\/parafiajadwigi.waw.pl\/#\/schema\/logo\/image\/"}}]}</script>
<!-- / Yoast SEO plugin. -->

DSC_5344 - Św. Jadwiga Śląska

Św. Jadwiga Śląska

Strona główna

Parafia Świętej Jadwigi Ślaskiej
